divided by x?
2
Suppose -x - 34 = -2*t - 0*x, 79 = 5*t - x. Calculate the remainder when t is divided by 4.
3
Let m = -37 + -9. What is the remainder when 2/(-8)*2*m is divided by 12?
11
Suppose -3*s + 126 = -5*i - 166, -2*s - 3*i = -182. Let c = 57 - 33. Calculate the remainder when s is divided by c.
22
Let b(n) be the second derivative of -n**4/12 - n**3/2 - n**2/2 + 2*n. Let u be b(-7). Let q = u - -63. What is the remainder when q is divided by 18?
16
Calculate the remainder when 45*(-10)/(-42) - (-2)/7 is divided by 7.
4
Let u be 1/2 + (-34)/(-4). Suppose -2*g = 3*r - 49, 2*r + 3*g = u + 27. Calculate the remainder when 44 is divided by r.
14
Suppose 5*i - 241 + 51 = 0. Suppose s - i = -s. What is the remainder when 55 is divided by s?
17
Let l = 58 + -18. Suppose m + 3*m = l. Calculate the remainder when 19 is divided by m.
9
Suppose -14 = -0*t - 2*t. What is the remainder when 47 is divided by t?
5
Let d = -21 + 41. What is the remainder when 177 is divided by d?
17
Suppose 2*z = 7*z - 140. What is the remainder when 111 is divided by z?
27
Let l = 1 + -3. Let x be (-1)/(2/(-8)*l). Calculate the remainder when -9*(1 + x) - -1 is divided by 6.
4
Suppose 0 = -3*d - 4*q + 83, 5*d = 4*q - 2*q + 173. Let x = d - 15. Calculate the remainder when x is divided by 5.
3
Suppose -3*m = x, m = -4*x - 2*m + 9. Calculate the remainder when 24 is divided by x.
0
Suppose 2*f + 3*g = f + 18, 3*f = -3*g + 42. Calculate the remainder when 67 is divided by f.
7
Let n = 29 + -15. Calculate the remainder when 54 is divided by n.
12
Suppose l + 2*z = 24, 3*l + l - 4*z = 48. Suppose l = -2*x + 54. Calculate the remainder when x is divided by 10.
9
Suppose 2*g - 4 = -2*g - 2*r, -10 = -g - 5*r. Suppose 3*v - 4*h - 55 = g, -4*v - h + 35 = -v. What is the remainder when 25 is divided by v?
12
Let m = -8 + 22. What is the remainder when 41 is divided by m?
13
Suppose 2*h - 6*h - 8 = 0. Let u(f) = -3*f - 2. What is the remainder when 6 is divided by u(h)?
2
Let z(t) = -t + 1. Let l = 1 - 1. What is the remainder when z(l) is divided by 1?
0
What is the remainder when 83 is divided by (-32)/12*2/(4/(-21))?
27
Let b = -5 - -8. Suppose b*i = -3*h + 23 + 28, -i = 2*h - 22. What is the remainder when 22 is divided by i?
10
Let u = -19 + 59. Calculate the remainder when u is divided by 14.
12
Let o = -32 - -17. Calculate the remainder when 42 is divided by -3 + (0 - o) - 1.
9
Let m be 4/(-14) + (-6)/(-21). Suppose 2*w = -m*c + 5*c - 249, 5*w = -3*c + 137. Let t = 25 - 12. Calculate the remainder when c is divided by t.
10
Let a = -2 + 6. Let k be (-1 + 4)/((-2)/(-6)). Suppose -a*g = -k - 19. Calculate the remainder when g is divided by 4.
3
Suppose -4*o = -8, 0 + 7 = v + 2*o. Suppose 5*j - v*j = 100. Suppose 4*k + 2*z + j = 5*k, -3*z = 15. Calculate the remainder when k is divided by 14.
12
Suppose 0 = r, -r + 2*r + 18 = -3*k. Let x(s) = -2*s - 3. Calculate the remainder when x(k) is divided by 2.
1
Suppose 5*u = 2*u + 69. Suppose l - x = 7, 4*l = x - 1 + u. Calculate the remainder when 14 is divided by l.
4
Let u(m) = 4*m**3 - 2*m**2 + 2*m - 3. Let d(p) = -14*p - 1. Suppose 0 - 1 = q. What is the remainder when u(2) is divided by d(q)?
12
Suppose n - 5*o - 26 = 0, 0*o - 3*o = 4*n - 35. Suppose -p - 4*r - n = 0, 4*p + 26 = -5*r + 4. Let s = p - -13. What is the remainder when s is divided by 4?
2
Suppose 4*t - 126 - 82 = 0. Suppose 4*o + t = 4*c, 2*c + 5*o - 44 + 11 = 0. Calculate the remainder when 80/(-20) - (-60)/2 is divided by c.
12
Let x = 49 - 21. What is the remainder when x is divided by 8?
4
Let s = -6 - -12. What is the remainder when (2/(-4))/((-3)/66) is divided by s?
5
Suppose 5*b + 4 = t, 0 = 5*t - b - 9 - 83. Calculate the remainder when 56 is divided by t.
18
Suppose 12 = -5*v + 117. Let h(t) = -t**3 + t**2 + t + 6. Calculate the remainder when v is divided by h(0).
3
Suppose -2*a - 2 + 22 = 0. What is the remainder when a is divided by -1 - -1 - 6/(-1)?
4
Let l = 51 + -27. What is the remainder when 920/l + (-2)/6 is divided by 10?
8
Suppose -53 - 23 = -4*o. Calculate the remainder when o is divided by 7.
5
Let t(w) = -w + 3. What is the remainder when 14 is divided by t(-2)?
4
Let a(n) = n**2 + 10*n - 4. Let z be a(-8). Let i = z + 65. Calculate the remainder when i is divided by 16.
13
Suppose 8*u - 4*u = 36. Let t be 223/3 - (-2)/(-6). Let q = 107 - t. What is the remainder when q is divided by u?
6
Let h(t) = -2*t + 5. Let o be h(0). Suppose -o*a + 79 = f, 5*f = 5*a + 104 + 171. Calculate the remainder when f is divided by 15.
14
Suppose 0 = 3*d + 17 - 56. What is the remainder when 24 is divided by d?
11
Let y = 29 - 16. Let o = -5 + y. Let k(r) = r**3 - 3*r - 3. Calculate the remainder when k(3) is divided by o.
7
Suppose -4*t = h - 66, -6*h = -2*h - t - 179. What is the remainder when 183 is divided by h?
45
Let g be (2 - (3 + -1))/(-1). Suppose -4*b + 12 = g, 5*q + 3 - 46 = -b. Calculate the remainder when 23 is divided by q.
7
Suppose -42 = -3*k + 2*d, -1 = -2*k - d + 20. Let p(v) = 11*v + 5 - v - v - 2*v. Calculate the remainder when p(6) is divided by k.
11
Let l = 22 - 13. What is the remainder when 35 is divided by l?
8
Suppose 2*r - r - 1 = 0, -3*y - 4*r = -82. Suppose -143 = -5*l - 98. What is the remainder when y is divided by l?
8
Let p be ((-3)/(-2))/((-7)/14). Let r be (-3)/(4/(112/p)). What is the remainder when r*((-6)/8 - -2) is divided by 12?
11
Suppose -4*g - 3*g + 77 = 0. What is the remainder when 40 is divided by g?
7
Let l(i) = 4*i**2 + 4*i + 2. Suppose -1 = c, -5*f - 2*c - 5 = 7. Calculate the remainder when l(f) is divided by 4.
2
Let q be (-4)/(-10) - 294/(-15). Suppose 0 = -4*j, -q = -5*a + a + 4*j. Suppose -a*h = -21 - 9. What is the remainder when 10 is divided by h?
4
Suppose -7*g = -12*g + 165. Let k = -21 + g. What is the remainder when 21 is divided by k?
9
Suppose -5*j - 26 = -0*i - i, 4*i + 21 = -5*j. Let y = -8 - j. What is the remainder when 28/y*-3 + -2 is divided by 9?
8
Suppose 240 = 51*h - 48*h. What is the remainder when h is divided by 42?
38
What is the remainder when 97 is divided by (-1270)/(-50) - (-2)/(-5)?
22
Let q(o) = 3*o**2 + o + 2. What is the remainder when 4 is divided by q(-1)?
0
Let y(q) = q**2 - q + 7. Let j be 0/(0/4 + -2). Calculate the remainder when y(j) is divided by 5.
2
Calculate the remainder when ((-10)/(-3))/(4/12) is divided by (-1)/(-5) - (-58)/10.
4
Let s(q) = -q**2 + 4*q - 1. Let u be s(4). What is the remainder when 19 is divided by (u - 0)/((-3)/21)?
5
Let m be (-15)/(-10)*(1 + -7). Suppose -5*y + 48 = i, i + 3*y - 6*y = 8. Let k = i + m. Calculate the remainder when 53 is divided by k.
11
Let m(a) = a**2 + 3*a - 8. What is the remainder when m(-6) is divided by 3?
1
Suppose -3*n + 12 = 3*u, -u + 6 = -n - 6. Calculate the remainder when 29 is divided by u.
5
Suppose 3*o - 5 = k - o, -5*k - 4*o + 47 = 0. What is the remainder when 25 is divided by k?
4
Let p = 7 - -33. Suppose 2*h = 6, 2*u - 2*h = -5*h + 37. Calculate the remainder when p is divided by u.
12
Let w(g) = 7*g**2 + 2*g - 7. What is the remainder when w(-3) is divided by 17?
16
Let r = 31 + -6. What is the remainder when r is divided by 2*(-2 - 13/(-2))?
7
What is the remainder when 1522/22 + 2/(-11) is divided by 24?
21
Suppose 196 = 5*v - v. Suppose j = 4*j - 51. Calculate the remainder when v is divided by j.
15
Let i(y) = -y**3 - 7*y**2 + 7*y + 9. What is the remainder when i(-8) is divided by 5?
2
Suppose 4*u - 5*u = -36. Suppose -3*c + 2*l + 18 = -l, 4*l - u = -2*c. What is the remainder when c is divided by 4?
2
Let n(m) = -m**3 - 3*m**3 + 3*m**3 - 9*m**2 + 4 - m. Let k(o) = -o - 1. Let b be k(8). What is the remainder when n(b) is divided by 7?
6
Let z(s) = -s**3 + 2*s**2 + s + 1. Let o be z(2). Suppose -4*v - 36 = -100. Calculate the remainder when 1683/36 + o/(-4) is divided by v.
14
Let v = 27 + -14. Calculate the remainder when 101 is divided by v.
10
Let n(u) = u**3 - 7*u**2 - 7*u - 3. What is the remainder when 63 is divided by n(8)?
3
Let o(w) = 4*w**2 + 2*w + 2. Calculate the remainder when 59 is divided by o(-3).
27
Suppose 4*d = -0*d + 76. Calculate the remainder when 74 is divided by d.
17
Let r be 3 + -3 - -43 - 1. Let z = 72 - r. Calculate the remainder when z is divided by 8.
6
Let k be (